{"id":139,"date":"2025-05-01T17:35:36","date_gmt":"2025-05-01T17:35:36","guid":{"rendered":"https:\/\/poliklinika-kantrida-dental.com\/ljekarna\/?post_type=product&#038;p=139"},"modified":"2025-05-01T17:35:37","modified_gmt":"2025-05-01T17:35:37","slug":"deep-inhale","status":"publish","type":"product","link":"https:\/\/poliklinika-kantrida-dental.com\/ljekarna\/product\/deep-inhale\/","title":{"rendered":"Deep Inhale"},"content":{"rendered":"<p class=\"text-body font-regular leading-[24px] pt-[9px] pb-[2px]\" dir=\"ltr\">Deep Inhale je inovativni proizvod dizajniran da podr\u017ei zdravlje va\u0161ih plu\u0107a i disajnih puteva. Ovaj \u010daj za plu\u0107a dolazi u prakti\u010dnom obliku biljnih \u010dajnih kesica, koje omogu\u0107avaju lako i brzo pripremanje. Zahvaljuju\u0107i pa\u017eljivo odabranim prirodnim sastojcima, Deep Inhale poma\u017ee da va\u0161e disanje bude lak\u0161e i opu\u0161tenije, pru\u017eaju\u0107i osje\u0107aj svje\u017eine i olak\u0161anja.<\/p>\n<p class=\"text-body font-regular leading-[24px] pt-[9px] pb-[2px]\" dir=\"ltr\">Osim toga, Deep Inhale je formulisan da odgovara svakodnevnim potrebama ljudi svih uzrasta koji \u017eele njegovati svoje disajne organe na siguran i prirodan na\u010din. Napitak je jednostavan za pripremu, a blagotvoran efekat vidljiv je ve\u0107 nakon kratkog vremena redovite konzumacije. Ovaj proizvod posebno je pogodan za osobe koje su \u010desto izlo\u017eene urbanom zaga\u0111enju, pu\u0161a\u010de ili one koji \u017eele dodatnu podr\u0161ku tokom sezona prehlada i gripa.<\/p>\n<h2 class=\"font-bold text-h3 leading-[40px] pt-[21px] pb-[2px] [&amp;_a]:underline-offset-[6px] [&amp;_.underline]:underline-offset-[6px]\" dir=\"ltr\">Deep Inhale &#8211; Da li zaista djeluje?<\/h2>\n<p class=\"text-body font-regular leading-[24px] pt-[9px] pb-[2px]\" dir=\"ltr\">Naravno! Deep Inhale je pa\u017eljivo razvijen kako bi pru\u017eio maksimalne rezultate svojim korisnicima. Zahvaljuju\u0107i svojoj stru\u010dnoj formuli, \u010daj djeluje na ja\u010danje disajnih puteva, smanjenje osje\u0107aja zagu\u0161enosti i doprinosi lak\u0161em i ugodnijem disanju.<\/p>\n<p class=\"text-body font-regular leading-[24px] pt-[9px] pb-[2px]\" dir=\"ltr\">Rezultati su vidljivi ve\u0107 nakon nekoliko dana upotrebe &#8211; mnogi korisnici isti\u010du osje\u0107aj dubinskog olak\u0161anja i pobolj\u0161ane sposobnosti disanja. Osim \u0161to je isplativ, Deep Inhale nudi prirodan i siguran na\u010din za podr\u0161ku zdravlju va\u0161ih plu\u0107a i pru\u017eanje svakodnevnog oslonca za adekvatno funkcioniranje disajnog sistema.<\/p>\n<h2 class=\"font-bold text-h3 leading-[40px] pt-[21px] pb-[2px] [&amp;_a]:underline-offset-[6px] [&amp;_.underline]:underline-offset-[6px]\" dir=\"ltr\">Deep Inhale &#8211; Iskustva korisnika u Hrvatskoj<\/h2>\n<p class=\"text-body font-regular leading-[24px] pt-[9px] pb-[2px]\" dir=\"ltr\">Korisnici \u0161irom Hrvatske izrazito su zadovoljni efektima Deep Inhale \u010daja. Njegova popularnost raste iz dana u dan, s obzirom na to da sve vi\u0161e ljudi prepoznaje njegove prednosti.<\/p>\n<p class=\"text-body font-regular leading-[24px] pt-[9px] pb-[2px]\" dir=\"ltr\">Evo \u0161to neki od njih ka\u017eu:<\/p>\n<ul class=\"pt-[9px] pb-[2px] pl-[24px] list-inside list-disc pt-[5px]\">\n<li class=\"text-body font-regular leading-[24px] my-[5px] [&amp;&gt;ol]:!pt-0 [&amp;&gt;ol]:!pb-0 [&amp;&gt;ul]:!pt-0 [&amp;&gt;ul]:!pb-0\" value=\"1\"><b><strong class=\"font-bold\">Ivana (34, Zagreb):<\/strong><\/b> &#8220;Deep Inhale mi je pomogao u sezoni alergija. Osje\u0107am kako mi plu\u0107a doslovno &#8216;di\u0161u punim plu\u0107ima&#8217; nakon samo nekoliko \u0161alica \u010daja.&#8221;<\/li>\n<li class=\"text-body font-regular leading-[24px] my-[5px] [&amp;&gt;ol]:!pt-0 [&amp;&gt;ol]:!pb-0 [&amp;&gt;ul]:!pt-0 [&amp;&gt;ul]:!pb-0\" value=\"2\"><b><strong class=\"font-bold\">Goran (42, Split):<\/strong><\/b> &#8220;Kao pu\u0161a\u010d, bio sam skepti\u010dan prema \u010dajevima, ali Deep Inhale mi je zaista olak\u0161ao osje\u0107aj zagu\u0161enosti u plu\u0107ima nakon samo tjedan dana kori\u0161tenja.&#8221;<\/li>\n<li class=\"text-body font-regular leading-[24px] my-[5px] [&amp;&gt;ol]:!pt-0 [&amp;&gt;ol]:!pb-0 [&amp;&gt;ul]:!pt-0 [&amp;&gt;ul]:!pb-0\" value=\"3\"><b><strong class=\"font-bold\">Ana (29, Rijeka):<\/strong><\/b> &#8220;Odli\u010dan okus i brzi rezultati! Definitivno preporu\u010dujem svima koji \u017eele prirodnu podr\u0161ku za zdravlje disajnog sustava.&#8221;<\/li>\n<\/ul>\n<h2 class=\"font-bold text-h3 leading-[40px] pt-[21px] pb-[2px] [&amp;_a]:underline-offset-[6px] [&amp;_.underline]:underline-offset-[6px]\" dir=\"ltr\">Deep Inhale &#8211; Sastav proizvoda<\/h2>\n<p class=\"text-body font-regular leading-[24px] pt-[9px] pb-[2px]\" dir=\"ltr\">Prirodni sastojci \u010dine Deep Inhale jedinstvenim na tr\u017ei\u0161tu. Evo detaljnog pregleda sastava i njegovih benefita:<\/p>\n<ul class=\"pt-[9px] pb-[2px] pl-[24px] list-inside list-disc pt-[5px]\">\n<li class=\"text-body font-regular leading-[24px] my-[5px] [&amp;&gt;ol]:!pt-0 [&amp;&gt;ol]:!pb-0 [&amp;&gt;ul]:!pt-0 [&amp;&gt;ul]:!pb-0\" value=\"1\"><b><strong class=\"font-bold\">Maj\u010dina du\u0161ica:<\/strong><\/b> Poma\u017ee olak\u0161avanju ka\u0161lja i podupire zdravlje plu\u0107a.<\/li>\n<li class=\"text-body font-regular leading-[24px] my-[5px] [&amp;&gt;ol]:!pt-0 [&amp;&gt;ol]:!pb-0 [&amp;&gt;ul]:!pt-0 [&amp;&gt;ul]:!pb-0\" value=\"2\"><b><strong class=\"font-bold\">Menta:<\/strong><\/b> Osvje\u017eava dah i ubla\u017eava iritacije u grlu.<\/li>\n<li class=\"text-body font-regular leading-[24px] my-[5px] [&amp;&gt;ol]:!pt-0 [&amp;&gt;ol]:!pb-0 [&amp;&gt;ul]:!pt-0 [&amp;&gt;ul]:!pb-0\" value=\"3\"><b><strong class=\"font-bold\">Korijen sladi\u0107a:<\/strong><\/b> Prirodan saveznik u smirivanju upalnih procesa.<\/li>\n<li class=\"text-body font-regular leading-[24px] my-[5px] [&amp;&gt;ol]:!pt-0 [&amp;&gt;ol]:!pb-0 [&amp;&gt;ul]:!pt-0 [&amp;&gt;ul]:!pb-0\" value=\"4\"><b><strong class=\"font-bold\">Kamilica:<\/strong><\/b> Doprinosi opu\u0161tanju i umirivanju disajnog sistema.<\/li>\n<li class=\"text-body font-regular leading-[24px] my-[5px] [&amp;&gt;ol]:!pt-0 [&amp;&gt;ol]:!pb-0 [&amp;&gt;ul]:!pt-0 [&amp;&gt;ul]:!pb-0\" value=\"5\"><b><strong class=\"font-bold\">Eukaliptus:<\/strong><\/b> Poznat po antibakterijskim svojstvima, poma\u017ee pri pro\u010di\u0161\u0107avanju zraka u disajnim putevima.<\/li>\n<\/ul>\n<h2 class=\"font-bold text-h3 leading-[40px] pt-[21px] pb-[2px] [&amp;_a]:underline-offset-[6px] [&amp;_.underline]:underline-offset-[6px]\" dir=\"ltr\">Deep Inhale &#8211; Glavne prednosti<\/h2>\n<p class=\"text-body font-regular leading-[24px] pt-[9px] pb-[2px]\" dir=\"ltr\">Za\u0161to odabrati Deep Inhale? Evo nekoliko razloga:<\/p>\n<ul class=\"pt-[9px] pb-[2px] pl-[24px] list-inside list-disc pt-[5px]\">\n<li class=\"text-body font-regular leading-[24px] my-[5px] [&amp;&gt;ol]:!pt-0 [&amp;&gt;ol]:!pb-0 [&amp;&gt;ul]:!pt-0 [&amp;&gt;ul]:!pb-0\" value=\"1\"><b><strong class=\"font-bold\">Brzo djelovanje:<\/strong><\/b> Rezultati su vidljivi nakon vrlo kratkog vremena.<\/li>\n<li class=\"text-body font-regular leading-[24px] my-[5px] [&amp;&gt;ol]:!pt-0 [&amp;&gt;ol]:!pb-0 [&amp;&gt;ul]:!pt-0 [&amp;&gt;ul]:!pb-0\" value=\"2\"><b><strong class=\"font-bold\">Sigurnost:<\/strong><\/b> 100% prirodni sastojci bez \u0161tetnih kemikalija.<\/li>\n<li class=\"text-body font-regular leading-[24px] my-[5px] [&amp;&gt;ol]:!pt-0 [&amp;&gt;ol]:!pb-0 [&amp;&gt;ul]:!pt-0 [&amp;&gt;ul]:!pb-0\" value=\"3\"><b><strong class=\"font-bold\">Diskretnost:<\/strong><\/b> \u010caj se isporu\u010duje u diskretnom pakiranju, idealno za privatnost.<\/li>\n<li class=\"text-body font-regular leading-[24px] my-[5px] [&amp;&gt;ol]:!pt-0 [&amp;&gt;ol]:!pb-0 [&amp;&gt;ul]:!pt-0 [&amp;&gt;ul]:!pb-0\" value=\"4\"><b><strong class=\"font-bold\">Jednostavna priprema:<\/strong><\/b> Nema komplikacija &#8211; samo dodajte kesicu u vru\u0107u vodu, pri\u010dekajte nekoliko minuta i u\u017eivajte.<\/li>\n<\/ul>\n<h2 class=\"font-bold text-h3 leading-[40px] pt-[21px] pb-[2px] [&amp;_a]:underline-offset-[6px] [&amp;_.underline]:underline-offset-[6px]\" dir=\"ltr\">Gdje kupiti Deep Inhale? Ljekarna, DM, Nju\u0161kalo<\/h2>\n<p class=\"text-body font-regular leading-[24px] pt-[9px] pb-[2px]\" dir=\"ltr\">Trenutno, Deep Inhale nije dostupan u DM trgovinama, na Nju\u0161kalo platformi ili u internetskim ljekarnama. Proizvod se mo\u017ee kupiti isklju\u010divo u odabranim ljekarnama koje sura\u0111uju direktno s proizvo\u0111a\u010dem. Ovim putem osiguravamo originalni proizvod i pouzdanu uslugu.<\/p>\n<p class=\"text-body font-regular leading-[24px] pt-[9px] pb-[2px]\" dir=\"ltr\">Za narud\u017ebu, posjetite na\u0161u internetsku stranicu i kliknite gumb &#8220;Naru\u010di&#8221;. Popunite obrazac i odaberite na\u010din dostave i pla\u0107anja. Va\u0161a narud\u017eba bit \u0107e dostavljena u roku od 24-72 sata, a pla\u0107ate tek po primitku proizvoda.<\/p>\n<h2 class=\"font-bold text-h3 leading-[40px] pt-[21px] pb-[2px] [&amp;_a]:underline-offset-[6px] [&amp;_.underline]:underline-offset-[6px]\" dir=\"ltr\">Koliko ko\u0161ta Deep Inhale? Cijena<\/h2>\n<p class=\"text-body font-regular leading-[24px] pt-[9px] pb-[2px]\" dir=\"ltr\">Standardna cijena Deep Inhale-a iznosi 78 eura. Me\u0111utim, trenutno nudimo 50% popusta na ograni\u010dene zalihe ovog proizvoda. Popust vrijedi samo dok traju zalihe, zbog visoke potra\u017enje. Iskoristite ovu priliku i osigurajte svoj primjerak za samo 39 eura!<\/p>\n<h2 class=\"font-bold text-h3 leading-[40px] pt-[21px] pb-[2px] [&amp;_a]:underline-offset-[6px] [&amp;_.underline]:underline-offset-[6px]\" dir=\"ltr\">Kako se koristi Deep Inhale? Uputstvo za kori\u0161tenje<\/h2>\n<p class=\"text-body font-regular leading-[24px] pt-[9px] pb-[2px]\" dir=\"ltr\">Koristiti Deep Inhale \u010daj vrlo je jednostavno. Slijedite ove korake za najbolje rezultate:<\/p>\n<ol class=\"pt-[9px] pb-[2px] pl-[24px] list-inside list-decimal\">\n<li class=\"text-body font-regular leading-[24px] my-[5px] [&amp;&gt;ol]:!pt-0 [&amp;&gt;ol]:!pb-0 [&amp;&gt;ul]:!pt-0 [&amp;&gt;ul]:!pb-0\" value=\"1\">Uzmite jednu \u010dajnu kesicu i stavite je u \u0161alicu.<\/li>\n<li class=\"text-body font-regular leading-[24px] my-[5px] [&amp;&gt;ol]:!pt-0 [&amp;&gt;ol]:!pb-0 [&amp;&gt;ul]:!pt-0 [&amp;&gt;ul]:!pb-0\" value=\"2\">Dodajte 200 ml vru\u0107e vode (ne klju\u010dale).<\/li>\n<li class=\"text-body font-regular leading-[24px] my-[5px] [&amp;&gt;ol]:!pt-0 [&amp;&gt;ol]:!pb-0 [&amp;&gt;ul]:!pt-0 [&amp;&gt;ul]:!pb-0\" value=\"3\">Ostavite \u010daj da odstoji 5-7 minuta kako bi se sve blagodati oslobodile.<\/li>\n<li class=\"text-body font-regular leading-[24px] my-[5px] [&amp;&gt;ol]:!pt-0 [&amp;&gt;ol]:!pb-0 [&amp;&gt;ul]:!pt-0 [&amp;&gt;ul]:!pb-0\" value=\"4\">Konzumirajte 2-3 puta dnevno, prema preporuci.<\/li>\n<\/ol>\n<p class=\"text-body font-regular leading-[24px] pt-[9px] pb-[2px]\" dir=\"ltr\">Napomena: Preporu\u010dena doza ne smije se prekora\u010diti, a za najbolje rezultate koristite \u010daj redovito.<\/p>\n<h2 class=\"font-bold text-h3 leading-[40px] pt-[21px] pb-[2px] [&amp;_a]:underline-offset-[6px] [&amp;_.underline]:underline-offset-[6px]\" dir=\"ltr\">Deep Inhale &#8211; \u010cesto postavljena pitanja<\/h2>\n<p class=\"text-body font-regular leading-[24px] pt-[9px] pb-[2px]\" dir=\"ltr\"><b><strong class=\"font-bold\">Koliko brzo mogu o\u010dekivati rezultate?<\/strong><\/b><\/p>\n<p class=\"text-body font-regular leading-[24px] pt-[9px] pb-[2px]\" dir=\"ltr\">Mnogi korisnici primje\u0107uju pobolj\u0161anje ve\u0107 unutar prvih nekoliko dana redovne upotrebe.<\/p>\n<p class=\"text-body font-regular leading-[24px] pt-[9px] pb-[2px]\" dir=\"ltr\"><b><strong class=\"font-bold\">Je li proizvod pogodan za svakodnevnu upotrebu?<\/strong><\/b><\/p>\n<p class=\"text-body font-regular leading-[24px] pt-[9px] pb-[2px]\" dir=\"ltr\">Da, Deep Inhale mo\u017eete koristiti svakodnevno, u preporu\u010denim dozama, za dugoro\u010dnu podr\u0161ku zdravlju disajnog sustava.<\/p>\n<p class=\"text-body font-regular leading-[24px] pt-[9px] pb-[2px]\" dir=\"ltr\"><b><strong class=\"font-bold\">Mogu li ga koristiti trudnice ili dojilje?<\/strong><\/b><\/p>\n<p class=\"text-body font-regular leading-[24px] pt-[9px] pb-[2px]\" dir=\"ltr\">Preporu\u010duje se konzultacija s lije\u010dnikom prije konzumacije ako ste trudni ili dojite.<\/p>\n<p class=\"text-body font-regular leading-[24px] pt-[9px] pb-[2px]\" dir=\"ltr\"><b><strong class=\"font-bold\">Je li prikladan za djecu?<\/strong><\/b><\/p>\n<p class=\"text-body font-regular leading-[24px] pt-[9px] pb-[2px]\" dir=\"ltr\">Deep Inhale nije namijenjen djeci mla\u0111oj od 12 godina.<\/p>\n","protected":false},"excerpt":{"rendered":"<p>Deep Inhale je inovativni proizvod dizajniran da podr\u017ei zdravlje va\u0161ih plu\u0107a i disajnih puteva. Ovaj \u010daj za plu\u0107a dolazi u prakti\u010dnom obliku biljnih \u010dajnih kesica, koje omogu\u0107avaju lako i brzo pripremanje. Zahvaljuju\u0107i pa\u017eljivo odabranim prirodnim sastojcima, Deep Inhale poma\u017ee da va\u0161e disanje bude lak\u0161e i opu\u0161tenije, pru\u017eaju\u0107i osje\u0107aj svje\u017eine i olak\u0161anja. Osim toga, Deep Inhale [&hellip;]<\/p>\n","protected":false},"featured_media":140,"template":"","meta":{"iawp_total_views":52},"product_brand":[],"product_cat":[15],"product_tag":[],"class_list":{"0":"post-139","1":"product","2":"type-product","3":"status-publish","4":"has-post-thumbnail","6":"product_cat-zdravlje","8":"entry","9":"has-media","11":"first","12":"instock","13":"sale","14":"shipping-taxable","15":"purchasable","16":"product-type-simple","17":"has-product-nav","18":"col","19":"span_1_of_3","20":"owp-content-center","21":"owp-thumbs-layout-horizontal","22":"owp-btn-normal","23":"owp-tabs-layout-horizontal","24":"has-no-thumbnails"},"yoast_head":"<!-- This site is optimized with the Yoast SEO plugin v27.6 - https:\/\/yoast.com\/product\/yoast-seo-wordpress\/ -->\n<title>Deep Inhale - Online Trgovina<\/title>\n<meta name=\"robots\" content=\"index, follow, max-snippet:-1, max-image-preview:large, max-video-preview:-1\" \/>\n<link rel=\"canonical\" href=\"https:\/\/poliklinika-kantrida-dental.com\/ljekarna\/product\/deep-inhale\/\" \/>\n<meta property=\"og:locale\" content=\"hr_HR\" \/>\n<meta property=\"og:type\" content=\"article\" \/>\n<meta property=\"og:title\" content=\"Deep Inhale - Online Trgovina\" \/>\n<meta property=\"og:description\" content=\"Deep Inhale je inovativni proizvod dizajniran da podr\u017ei zdravlje va\u0161ih plu\u0107a i disajnih puteva. Ovaj \u010daj za plu\u0107a dolazi u prakti\u010dnom obliku biljnih \u010dajnih kesica, koje omogu\u0107avaju lako i brzo pripremanje. Zahvaljuju\u0107i pa\u017eljivo odabranim prirodnim sastojcima, Deep Inhale poma\u017ee da va\u0161e disanje bude lak\u0161e i opu\u0161tenije, pru\u017eaju\u0107i osje\u0107aj svje\u017eine i olak\u0161anja. Osim toga, Deep Inhale [&hellip;]\" \/>\n<meta property=\"og:url\" content=\"https:\/\/poliklinika-kantrida-dental.com\/ljekarna\/product\/deep-inhale\/\" \/>\n<meta property=\"og:site_name\" content=\"Online Trgovina\" \/>\n<meta property=\"article:modified_time\" content=\"2025-05-01T17:35:37+00:00\" \/>\n<meta property=\"og:image\" content=\"https:\/\/poliklinika-kantrida-dental.com\/ljekarna\/wp-content\/uploads\/2025\/05\/deep-inhale.jpg\" \/>\n\t<meta property=\"og:image:width\" content=\"250\" \/>\n\t<meta property=\"og:image:height\" content=\"300\" \/>\n\t<meta property=\"og:image:type\" content=\"image\/jpeg\" \/>\n<meta name=\"twitter:card\" content=\"summary_large_image\" \/>\n<meta name=\"twitter:label1\" content=\"Procijenjeno vrijeme \u010ditanja\" \/>\n\t<meta name=\"twitter:data1\" content=\"5 minuta\" \/>\n<script type=\"application\/ld+json\" class=\"yoast-schema-graph\">{\"@context\":\"https:\\\/\\\/schema.org\",\"@graph\":[{\"@type\":\"WebPage\",\"@id\":\"https:\\\/\\\/poliklinika-kantrida-dental.com\\\/ljekarna\\\/product\\\/deep-inhale\\\/\",\"url\":\"https:\\\/\\\/poliklinika-kantrida-dental.com\\\/ljekarna\\\/product\\\/deep-inhale\\\/\",\"name\":\"Deep Inhale - Online Trgovina\",\"isPartOf\":{\"@id\":\"https:\\\/\\\/poliklinika-kantrida-dental.com\\\/ljekarna\\\/#website\"},\"primaryImageOfPage\":{\"@id\":\"https:\\\/\\\/poliklinika-kantrida-dental.com\\\/ljekarna\\\/product\\\/deep-inhale\\\/#primaryimage\"},\"image\":{\"@id\":\"https:\\\/\\\/poliklinika-kantrida-dental.com\\\/ljekarna\\\/product\\\/deep-inhale\\\/#primaryimage\"},\"thumbnailUrl\":\"https:\\\/\\\/poliklinika-kantrida-dental.com\\\/ljekarna\\\/wp-content\\\/uploads\\\/2025\\\/05\\\/deep-inhale.jpg\",\"datePublished\":\"2025-05-01T17:35:36+00:00\",\"dateModified\":\"2025-05-01T17:35:37+00:00\",\"breadcrumb\":{\"@id\":\"https:\\\/\\\/poliklinika-kantrida-dental.com\\\/ljekarna\\\/product\\\/deep-inhale\\\/#breadcrumb\"},\"inLanguage\":\"hr\",\"potentialAction\":[{\"@type\":\"ReadAction\",\"target\":[\"https:\\\/\\\/poliklinika-kantrida-dental.com\\\/ljekarna\\\/product\\\/deep-inhale\\\/\"]}]},{\"@type\":\"ImageObject\",\"inLanguage\":\"hr\",\"@id\":\"https:\\\/\\\/poliklinika-kantrida-dental.com\\\/ljekarna\\\/product\\\/deep-inhale\\\/#primaryimage\",\"url\":\"https:\\\/\\\/poliklinika-kantrida-dental.com\\\/ljekarna\\\/wp-content\\\/uploads\\\/2025\\\/05\\\/deep-inhale.jpg\",\"contentUrl\":\"https:\\\/\\\/poliklinika-kantrida-dental.com\\\/ljekarna\\\/wp-content\\\/uploads\\\/2025\\\/05\\\/deep-inhale.jpg\",\"width\":250,\"height\":300,\"caption\":\"deep inhale\"},{\"@type\":\"BreadcrumbList\",\"@id\":\"https:\\\/\\\/poliklinika-kantrida-dental.com\\\/ljekarna\\\/product\\\/deep-inhale\\\/#breadcrumb\",\"itemListElement\":[{\"@type\":\"ListItem\",\"position\":1,\"name\":\"Po\u010detna stranica\",\"item\":\"https:\\\/\\\/poliklinika-kantrida-dental.com\\\/ljekarna\\\/\"},{\"@type\":\"ListItem\",\"position\":2,\"name\":\"Proizvodi\",\"item\":\"https:\\\/\\\/poliklinika-kantrida-dental.com\\\/ljekarna\\\/\"},{\"@type\":\"ListItem\",\"position\":3,\"name\":\"Deep Inhale\"}]},{\"@type\":\"WebSite\",\"@id\":\"https:\\\/\\\/poliklinika-kantrida-dental.com\\\/ljekarna\\\/#website\",\"url\":\"https:\\\/\\\/poliklinika-kantrida-dental.com\\\/ljekarna\\\/\",\"name\":\"Online Trgovina\",\"description\":\"\",\"potentialAction\":[{\"@type\":\"SearchAction\",\"target\":{\"@type\":\"EntryPoint\",\"urlTemplate\":\"https:\\\/\\\/poliklinika-kantrida-dental.com\\\/ljekarna\\\/?s={search_term_string}\"},\"query-input\":{\"@type\":\"PropertyValueSpecification\",\"valueRequired\":true,\"valueName\":\"search_term_string\"}}],\"inLanguage\":\"hr\"}]}<\/script>\n<!-- \/ Yoast SEO plugin. -->","yoast_head_json":{"title":"Deep Inhale - Online Trgovina","robots":{"index":"index","follow":"follow","max-snippet":"max-snippet:-1","max-image-preview":"max-image-preview:large","max-video-preview":"max-video-preview:-1"},"canonical":"https:\/\/poliklinika-kantrida-dental.com\/ljekarna\/product\/deep-inhale\/","og_locale":"hr_HR","og_type":"article","og_title":"Deep Inhale - Online Trgovina","og_description":"Deep Inhale je inovativni proizvod dizajniran da podr\u017ei zdravlje va\u0161ih plu\u0107a i disajnih puteva. Ovaj \u010daj za plu\u0107a dolazi u prakti\u010dnom obliku biljnih \u010dajnih kesica, koje omogu\u0107avaju lako i brzo pripremanje. Zahvaljuju\u0107i pa\u017eljivo odabranim prirodnim sastojcima, Deep Inhale poma\u017ee da va\u0161e disanje bude lak\u0161e i opu\u0161tenije, pru\u017eaju\u0107i osje\u0107aj svje\u017eine i olak\u0161anja. Osim toga, Deep Inhale [&hellip;]","og_url":"https:\/\/poliklinika-kantrida-dental.com\/ljekarna\/product\/deep-inhale\/","og_site_name":"Online Trgovina","article_modified_time":"2025-05-01T17:35:37+00:00","og_image":[{"width":250,"height":300,"url":"https:\/\/poliklinika-kantrida-dental.com\/ljekarna\/wp-content\/uploads\/2025\/05\/deep-inhale.jpg","type":"image\/jpeg"}],"twitter_card":"summary_large_image","twitter_misc":{"Procijenjeno vrijeme \u010ditanja":"5 minuta"},"schema":{"@context":"https:\/\/schema.org","@graph":[{"@type":"WebPage","@id":"https:\/\/poliklinika-kantrida-dental.com\/ljekarna\/product\/deep-inhale\/","url":"https:\/\/poliklinika-kantrida-dental.com\/ljekarna\/product\/deep-inhale\/","name":"Deep Inhale - Online Trgovina","isPartOf":{"@id":"https:\/\/poliklinika-kantrida-dental.com\/ljekarna\/#website"},"primaryImageOfPage":{"@id":"https:\/\/poliklinika-kantrida-dental.com\/ljekarna\/product\/deep-inhale\/#primaryimage"},"image":{"@id":"https:\/\/poliklinika-kantrida-dental.com\/ljekarna\/product\/deep-inhale\/#primaryimage"},"thumbnailUrl":"https:\/\/poliklinika-kantrida-dental.com\/ljekarna\/wp-content\/uploads\/2025\/05\/deep-inhale.jpg","datePublished":"2025-05-01T17:35:36+00:00","dateModified":"2025-05-01T17:35:37+00:00","breadcrumb":{"@id":"https:\/\/poliklinika-kantrida-dental.com\/ljekarna\/product\/deep-inhale\/#breadcrumb"},"inLanguage":"hr","potentialAction":[{"@type":"ReadAction","target":["https:\/\/poliklinika-kantrida-dental.com\/ljekarna\/product\/deep-inhale\/"]}]},{"@type":"ImageObject","inLanguage":"hr","@id":"https:\/\/poliklinika-kantrida-dental.com\/ljekarna\/product\/deep-inhale\/#primaryimage","url":"https:\/\/poliklinika-kantrida-dental.com\/ljekarna\/wp-content\/uploads\/2025\/05\/deep-inhale.jpg","contentUrl":"https:\/\/poliklinika-kantrida-dental.com\/ljekarna\/wp-content\/uploads\/2025\/05\/deep-inhale.jpg","width":250,"height":300,"caption":"deep inhale"},{"@type":"BreadcrumbList","@id":"https:\/\/poliklinika-kantrida-dental.com\/ljekarna\/product\/deep-inhale\/#breadcrumb","itemListElement":[{"@type":"ListItem","position":1,"name":"Po\u010detna stranica","item":"https:\/\/poliklinika-kantrida-dental.com\/ljekarna\/"},{"@type":"ListItem","position":2,"name":"Proizvodi","item":"https:\/\/poliklinika-kantrida-dental.com\/ljekarna\/"},{"@type":"ListItem","position":3,"name":"Deep Inhale"}]},{"@type":"WebSite","@id":"https:\/\/poliklinika-kantrida-dental.com\/ljekarna\/#website","url":"https:\/\/poliklinika-kantrida-dental.com\/ljekarna\/","name":"Online Trgovina","description":"","potentialAction":[{"@type":"SearchAction","target":{"@type":"EntryPoint","urlTemplate":"https:\/\/poliklinika-kantrida-dental.com\/ljekarna\/?s={search_term_string}"},"query-input":{"@type":"PropertyValueSpecification","valueRequired":true,"valueName":"search_term_string"}}],"inLanguage":"hr"}]}},"_links":{"self":[{"href":"https:\/\/poliklinika-kantrida-dental.com\/ljekarna\/wp-json\/wp\/v2\/product\/139","targetHints":{"allow":["GET"]}}],"collection":[{"href":"https:\/\/poliklinika-kantrida-dental.com\/ljekarna\/wp-json\/wp\/v2\/product"}],"about":[{"href":"https:\/\/poliklinika-kantrida-dental.com\/ljekarna\/wp-json\/wp\/v2\/types\/product"}],"wp:featuredmedia":[{"embeddable":true,"href":"https:\/\/poliklinika-kantrida-dental.com\/ljekarna\/wp-json\/wp\/v2\/media\/140"}],"wp:attachment":[{"href":"https:\/\/poliklinika-kantrida-dental.com\/ljekarna\/wp-json\/wp\/v2\/media?parent=139"}],"wp:term":[{"taxonomy":"product_brand","embeddable":true,"href":"https:\/\/poliklinika-kantrida-dental.com\/ljekarna\/wp-json\/wp\/v2\/product_brand?post=139"},{"taxonomy":"product_cat","embeddable":true,"href":"https:\/\/poliklinika-kantrida-dental.com\/ljekarna\/wp-json\/wp\/v2\/product_cat?post=139"},{"taxonomy":"product_tag","embeddable":true,"href":"https:\/\/poliklinika-kantrida-dental.com\/ljekarna\/wp-json\/wp\/v2\/product_tag?post=139"}],"curies":[{"name":"wp","href":"https:\/\/api.w.org\/{rel}","templated":true}]}}