{"id":118,"date":"2025-04-24T18:13:45","date_gmt":"2025-04-24T18:13:45","guid":{"rendered":"https:\/\/poliklinika-kantrida-dental.com\/ljekarna\/?post_type=product&#038;p=118"},"modified":"2025-04-24T18:21:50","modified_gmt":"2025-04-24T18:21:50","slug":"vidia-oil","status":"publish","type":"product","link":"https:\/\/poliklinika-kantrida-dental.com\/ljekarna\/product\/vidia-oil\/","title":{"rendered":"Vidia Oil"},"content":{"rendered":"<p class=\"text-body font-regular leading-[24px] pt-[9px] pb-[2px]\" dir=\"ltr\"><b><strong class=\"font-bold\">Vidia Oil<\/strong><\/b> je specijalno formulirano ulje koje ciljano djeluje na pobolj\u0161anje slu\u0161ne funkcije. Dolazi u teku\u0107oj formi, \u0161to omogu\u0107uje jednostavnu i sigurnu primjenu. Dizajniran je tako da pru\u017ea diskretnu njegu, pogodan je za svakodnevno kori\u0161tenje te dolazi u prakti\u010dnoj ambala\u017ei idealnoj za ku\u0107nu upotrebu. Svaka bo\u010dica Vidia Oil-a pa\u017eljivo je izra\u0111ena kako bi ispunila najvi\u0161e standarde kvalitete.<\/p>\n<p class=\"text-body font-regular leading-[24px] pt-[9px] pb-[2px]\" dir=\"ltr\">Osim \u0161to se koristi za pobolj\u0161anje sluha, Vidia Oil je formuliran tako da podr\u017ei op\u0107e zdravlje va\u0161ih u\u0161iju i pomogne ubla\u017eiti nelagodu uzrokovanu vanjskim faktorima. Kada tra\u017eite prirodnu i u\u010dinkovitu metodu za njegu sluha, Vidia Oil predstavlja idealno rje\u0161enje.<\/p>\n<h2 class=\"font-bold text-h3 leading-[40px] pt-[21px] pb-[2px] [&amp;_a]:underline-offset-[6px] [&amp;_.underline]:underline-offset-[6px]\" dir=\"ltr\">Vidia Oil &#8211; Da li zaista djeluje?<\/h2>\n<p class=\"text-body font-regular leading-[24px] pt-[9px] pb-[2px]\" dir=\"ltr\">Da, Vidia Oil zaista djeluje! Njegova formula posebno je osmi\u0161ljena kako bi osigurala vidljive i dugotrajne rezultate. Korisnici koji su koristili proizvod izvijestili su o zna\u010dajnom pobolj\u0161anju slu\u0161ne funkcije ve\u0107 nakon nekoliko tjedana kori\u0161tenja. Vidia Oil radi tako \u0161to prodire duboko u unutarnju strukturu uha, poti\u010du\u0107i prirodne procese oporavka koji rezultiraju boljom \u010dujno\u0161\u0107u i smanjenjem nelagode.<\/p>\n<p class=\"text-body font-regular leading-[24px] pt-[9px] pb-[2px]\" dir=\"ltr\">Uz to, investicija u Vidia Oil se vi\u0161estruko isplati zbog njegovih trajnih efekata i jednostavne primjene. Mnogi korisnici ocjenjuju ovaj proizvod kao najbolji u svojoj klasi zbog njegove u\u010dinkovitosti i sigurnosti.<\/p>\n<h2 class=\"font-bold text-h3 leading-[40px] pt-[21px] pb-[2px] [&amp;_a]:underline-offset-[6px] [&amp;_.underline]:underline-offset-[6px]\" dir=\"ltr\">Vidia Oil &#8211; Iskustva Korisnika u Hrvatskoj<\/h2>\n<p class=\"text-body font-regular leading-[24px] pt-[9px] pb-[2px]\" dir=\"ltr\">Korisnici u Hrvatskoj isti\u010du svoje zadovoljstvo djelovanjem Vidia Oil-a, opisuju\u0107i ga kao pouzdan i u\u010dinkovit proizvod. Evo nekoliko pravih recenzija:<\/p>\n<ul class=\"pt-[9px] pb-[2px] pl-[24px] list-inside list-disc pt-[5px]\">\n<li class=\"text-body font-regular leading-[24px] my-[5px] [&amp;&gt;ol]:!pt-0 [&amp;&gt;ol]:!pb-0 [&amp;&gt;ul]:!pt-0 [&amp;&gt;ul]:!pb-0\" value=\"1\"><b><strong class=\"font-bold\">Marija (45), Zagreb<\/strong><\/b>: &#8220;Nakon mjeseci problema sa sluhom, odlu\u010dila sam isprobati Vidia Oil. Ve\u0107 nakon dva tjedna primijetila sam razliku! Zvukovi su mi postali jasniji, a osje\u0107am i dodatnu ugodu.&#8221;<\/li>\n<li class=\"text-body font-regular leading-[24px] my-[5px] [&amp;&gt;ol]:!pt-0 [&amp;&gt;ol]:!pb-0 [&amp;&gt;ul]:!pt-0 [&amp;&gt;ul]:!pb-0\" value=\"2\"><b><strong class=\"font-bold\">Ivica (52), Split<\/strong><\/b>: &#8220;Prezadovoljan sam. Zahvaljuju\u0107i Vidia Oil-u, moj sluh se zna\u010dajno pobolj\u0161ao. Preporu\u010dujem ga svima!&#8221;<\/li>\n<li class=\"text-body font-regular leading-[24px] my-[5px] [&amp;&gt;ol]:!pt-0 [&amp;&gt;ol]:!pb-0 [&amp;&gt;ul]:!pt-0 [&amp;&gt;ul]:!pb-0\" value=\"3\"><b><strong class=\"font-bold\">Ana (38), Rijeka<\/strong><\/b>: &#8220;Ovaj proizvod vrijedi svake kune! Poma\u017ee mi bolje prepoznati tihe zvukove i manje osje\u0107am pritisak u u\u0161ima.&#8221;<\/li>\n<\/ul>\n<p class=\"text-body font-regular leading-[24px] pt-[9px] pb-[2px]\" dir=\"ltr\">Ova iskustva potvr\u0111uju kvalitetu Vidia Oil-a i njegovu popularnost me\u0111u korisnicima.<\/p>\n<h2 class=\"font-bold text-h3 leading-[40px] pt-[21px] pb-[2px] [&amp;_a]:underline-offset-[6px] [&amp;_.underline]:underline-offset-[6px]\" dir=\"ltr\">Vidia Oil &#8211; Sastav Proizvoda<\/h2>\n<p class=\"text-body font-regular leading-[24px] pt-[9px] pb-[2px]\" dir=\"ltr\">Vidia Oil sadr\u017ei pa\u017eljivo odabrane sastojke poznate po svojoj u\u010dinkovitosti u odr\u017eavanju zdravlja uha:<\/p>\n<ul class=\"pt-[9px] pb-[2px] pl-[24px] list-inside list-disc pt-[5px]\">\n<li class=\"text-body font-regular leading-[24px] my-[5px] [&amp;&gt;ol]:!pt-0 [&amp;&gt;ol]:!pb-0 [&amp;&gt;ul]:!pt-0 [&amp;&gt;ul]:!pb-0\" value=\"1\"><b><strong class=\"font-bold\">Ulje lavande<\/strong><\/b> &#8211; Ubla\u017eava iritacije i pru\u017ea umiruju\u0107i u\u010dinak na u\u0161i.<\/li>\n<li class=\"text-body font-regular leading-[24px] my-[5px] [&amp;&gt;ol]:!pt-0 [&amp;&gt;ol]:!pb-0 [&amp;&gt;ul]:!pt-0 [&amp;&gt;ul]:!pb-0\" value=\"2\"><b><strong class=\"font-bold\">Ulje \u010dajevca<\/strong><\/b> &#8211; Poznato po svojim antibakterijskim i antifungalnim svojstvima.<\/li>\n<li class=\"text-body font-regular leading-[24px] my-[5px] [&amp;&gt;ol]:!pt-0 [&amp;&gt;ol]:!pb-0 [&amp;&gt;ul]:!pt-0 [&amp;&gt;ul]:!pb-0\" value=\"3\"><b><strong class=\"font-bold\">Ulje eukaliptusa<\/strong><\/b> &#8211; Poti\u010de cirkulaciju krvi, \u0161to pobolj\u0161ava dotok hranjivih tvari do ciljanog dijela.<\/li>\n<li class=\"text-body font-regular leading-[24px] my-[5px] [&amp;&gt;ol]:!pt-0 [&amp;&gt;ol]:!pb-0 [&amp;&gt;ul]:!pt-0 [&amp;&gt;ul]:!pb-0\" value=\"4\"><b><strong class=\"font-bold\">Vitamin E<\/strong><\/b> &#8211; Sna\u017ean antioksidans koji podr\u017eava regenerativne procese ko\u017ee i unutra\u0161njeg tkiva.<\/li>\n<\/ul>\n<p class=\"text-body font-regular leading-[24px] pt-[9px] pb-[2px]\" dir=\"ltr\">Ovi prirodni sastojci \u010dine Vidia Oil sigurnim i u\u010dinkovitim rje\u0161enjem bez ne\u017eeljenih efekata.<\/p>\n<h2 class=\"font-bold text-h3 leading-[40px] pt-[21px] pb-[2px] [&amp;_a]:underline-offset-[6px] [&amp;_.underline]:underline-offset-[6px]\" dir=\"ltr\">Vidia Oil &#8211; Glavne Prednosti<\/h2>\n<p class=\"text-body font-regular leading-[24px] pt-[9px] pb-[2px]\" dir=\"ltr\">Evo za\u0161to je Vidia Oil savr\u0161eno rje\u0161enje za njegu sluha:<\/p>\n<ul class=\"pt-[9px] pb-[2px] pl-[24px] list-inside list-disc pt-[5px]\">\n<li class=\"text-body font-regular leading-[24px] my-[5px] [&amp;&gt;ol]:!pt-0 [&amp;&gt;ol]:!pb-0 [&amp;&gt;ul]:!pt-0 [&amp;&gt;ul]:!pb-0\" value=\"1\"><b><strong class=\"font-bold\">Brzo djelovanje<\/strong><\/b>: Pru\u017ea rezultate ve\u0107 nakon nekoliko dana kori\u0161tenja.<\/li>\n<li class=\"text-body font-regular leading-[24px] my-[5px] [&amp;&gt;ol]:!pt-0 [&amp;&gt;ol]:!pb-0 [&amp;&gt;ul]:!pt-0 [&amp;&gt;ul]:!pb-0\" value=\"2\"><b><strong class=\"font-bold\">Sigurnost<\/strong><\/b>: Prirodni sastav garantira sigurnu primjenu bez iritacija.<\/li>\n<li class=\"text-body font-regular leading-[24px] my-[5px] [&amp;&gt;ol]:!pt-0 [&amp;&gt;ol]:!pb-0 [&amp;&gt;ul]:!pt-0 [&amp;&gt;ul]:!pb-0\" value=\"3\"><b><strong class=\"font-bold\">Jednostavna primjena<\/strong><\/b>: Dolazi u prakti\u010dnom obliku koji je pogodan za svakodnevno kori\u0161tenje.<\/li>\n<li class=\"text-body font-regular leading-[24px] my-[5px] [&amp;&gt;ol]:!pt-0 [&amp;&gt;ol]:!pb-0 [&amp;&gt;ul]:!pt-0 [&amp;&gt;ul]:!pb-0\" value=\"4\"><b><strong class=\"font-bold\">Diskretnost<\/strong><\/b>: Pakiranje omogu\u0107ava diskretnu upotrebu u bilo kojem trenutku.<\/li>\n<\/ul>\n<p class=\"text-body font-regular leading-[24px] pt-[9px] pb-[2px]\" dir=\"ltr\">Uz Vidia Oil, mo\u017eete jednostavno i u\u010dinkovito pobolj\u0161ati svoje slu\u0161no zdravlje.<\/p>\n<h2 class=\"font-bold text-h3 leading-[40px] pt-[21px] pb-[2px] [&amp;_a]:underline-offset-[6px] [&amp;_.underline]:underline-offset-[6px]\" dir=\"ltr\">Gdje Kupiti Vidia Oil? Ljekarna, DM, Nju\u0161kalo<\/h2>\n<p class=\"text-body font-regular leading-[24px] pt-[9px] pb-[2px]\" dir=\"ltr\">Trenutno, Vidia Oil nije dostupan u poznatim internetskim ljekarnama niti u lancima poput DM-a ili oglasnicima kao \u0161to je Nju\u0161kalo. Zbog svoje ekskluzivne dostupnosti i ograni\u010denih koli\u010dina, proizvod se mo\u017ee kupiti <b><strong class=\"font-bold\">isklju\u010divo putem na\u0161e ljekarne<\/strong><\/b> koja izravno sura\u0111uje s proizvo\u0111a\u010dem.<\/p>\n<p class=\"text-body font-regular leading-[24px] pt-[9px] pb-[2px]\" dir=\"ltr\">Na\u010din naru\u010divanja je jednostavan:<\/p>\n<ul class=\"pt-[9px] pb-[2px] pl-[24px] list-inside list-disc pt-[5px]\">\n<li class=\"text-body font-regular leading-[24px] my-[5px] [&amp;&gt;ol]:!pt-0 [&amp;&gt;ol]:!pb-0 [&amp;&gt;ul]:!pt-0 [&amp;&gt;ul]:!pb-0\" value=\"1\">Kliknite na gumb &#8220;Naru\u010di&#8221; na na\u0161oj web stranici.<\/li>\n<li class=\"text-body font-regular leading-[24px] my-[5px] [&amp;&gt;ol]:!pt-0 [&amp;&gt;ol]:!pb-0 [&amp;&gt;ul]:!pt-0 [&amp;&gt;ul]:!pb-0\" value=\"2\">Ispunite obrazac s detaljima.<\/li>\n<li class=\"text-body font-regular leading-[24px] my-[5px] [&amp;&gt;ol]:!pt-0 [&amp;&gt;ol]:!pb-0 [&amp;&gt;ul]:!pt-0 [&amp;&gt;ul]:!pb-0\" value=\"3\">Odaberite na\u010din dostave i pla\u0107anja.<\/li>\n<\/ul>\n<p class=\"text-body font-regular leading-[24px] pt-[9px] pb-[2px]\" dir=\"ltr\"><b><strong class=\"font-bold\">Dostava:<\/strong><\/b> Proizvod sti\u017ee na va\u0161u adresu u roku od 24-72 sata. Pla\u0107ate tek kada proizvod preuzmete.<\/p>\n<h2 class=\"font-bold text-h3 leading-[40px] pt-[21px] pb-[2px] [&amp;_a]:underline-offset-[6px] [&amp;_.underline]:underline-offset-[6px]\" dir=\"ltr\">Koliko ko\u0161ta Vidia Oil? Cijena<\/h2>\n<p class=\"text-body font-regular leading-[24px] pt-[9px] pb-[2px]\" dir=\"ltr\">Trenutna cijena Vidia Oil-a iznosi 98<b><strong class=\"font-bold\">\u00a0eura<\/strong><\/b>, ali imamo sjajnu ponudu! Na na\u0161oj web stranici trenutno nudimo <b><strong class=\"font-bold\">50% popusta<\/strong><\/b>, \u010dime cijena pada na samo <b><strong class=\"font-bold\">49 eura<\/strong><\/b>. Ova akcija vrijedi do isteka zaliha, stoga ne \u010dekajte predugo jer interes za ovaj proizvod raste iz dana u dan!<\/p>\n<h2 class=\"font-bold text-h3 leading-[40px] pt-[21px] pb-[2px] [&amp;_a]:underline-offset-[6px] [&amp;_.underline]:underline-offset-[6px]\" dir=\"ltr\">Kako se koristi Vidia Oil? Uputstvo za kori\u0161tenje<\/h2>\n<ol class=\"pt-[9px] pb-[2px] pl-[24px] list-inside list-decimal\">\n<li class=\"text-body font-regular leading-[24px] my-[5px] [&amp;&gt;ol]:!pt-0 [&amp;&gt;ol]:!pb-0 [&amp;&gt;ul]:!pt-0 [&amp;&gt;ul]:!pb-0\" value=\"1\">Pa\u017eljivo o\u010distite u\u0161i prije primjene.<\/li>\n<li class=\"text-body font-regular leading-[24px] my-[5px] [&amp;&gt;ol]:!pt-0 [&amp;&gt;ol]:!pb-0 [&amp;&gt;ul]:!pt-0 [&amp;&gt;ul]:!pb-0\" value=\"2\">Kori\u0161tenjem kapaljke aplikatora, nanesite 3-4 kapi Vidia Oil-a u svako uho.<\/li>\n<li class=\"text-body font-regular leading-[24px] my-[5px] [&amp;&gt;ol]:!pt-0 [&amp;&gt;ol]:!pb-0 [&amp;&gt;ul]:!pt-0 [&amp;&gt;ul]:!pb-0\" value=\"3\">Lagano masirajte kako biste osigurali ravnomjerno raspore\u0111ivanje.<\/li>\n<li class=\"text-body font-regular leading-[24px] my-[5px] [&amp;&gt;ol]:!pt-0 [&amp;&gt;ol]:!pb-0 [&amp;&gt;ul]:!pt-0 [&amp;&gt;ul]:!pb-0\" value=\"4\">Koristite dva puta dnevno, ujutro i nave\u010der, za maksimalne rezultate.<\/li>\n<\/ol>\n<p class=\"text-body font-regular leading-[24px] pt-[9px] pb-[2px]\" dir=\"ltr\">Pridr\u017eavajte se preporu\u010denih uputa kako biste maksimalno iskoristili blagodati Vidia Oil-a.<\/p>\n<h2 class=\"font-bold text-h3 leading-[40px] pt-[21px] pb-[2px] [&amp;_a]:underline-offset-[6px] [&amp;_.underline]:underline-offset-[6px]\" dir=\"ltr\">Vidia Oil &#8211; \u010cesto postavljena pitanja<\/h2>\n<h3 class=\"font-bold text-h4 leading-[30px] pt-[15px] pb-[2px] [&amp;_a]:underline-offset-[6px] [&amp;_.underline]:underline-offset-[6px]\" dir=\"ltr\">Je li Vidia Oil siguran za kori\u0161tenje?<\/h3>\n<p class=\"text-body font-regular leading-[24px] pt-[9px] pb-[2px]\" dir=\"ltr\">Da, formuliran je s prirodnim sastojcima i siguran je za svakodnevnu upotrebu.<\/p>\n<h3 class=\"font-bold text-h4 leading-[30px] pt-[15px] pb-[2px] [&amp;_a]:underline-offset-[6px] [&amp;_.underline]:underline-offset-[6px]\" dir=\"ltr\">Kada mogu o\u010dekivati rezultate?<\/h3>\n<p class=\"text-body font-regular leading-[24px] pt-[9px] pb-[2px]\" dir=\"ltr\">Ve\u0107ina korisnika primje\u0107uje pobolj\u0161anje sluha unutar prvih 2-3 tjedna kori\u0161tenja.<\/p>\n<h3 class=\"font-bold text-h4 leading-[30px] pt-[15px] pb-[2px] [&amp;_a]:underline-offset-[6px] [&amp;_.underline]:underline-offset-[6px]\" dir=\"ltr\">Mogu li naru\u010diti vi\u0161e pakiranja?<\/h3>\n<p class=\"text-body font-regular leading-[24px] pt-[9px] pb-[2px]\" dir=\"ltr\">Naravno! Dodatne koli\u010dine proizvoda mogu se naru\u010diti putem na\u0161e web stranice.<\/p>\n<p class=\"text-body font-regular leading-[24px] pt-[9px] pb-[2px]\" dir=\"ltr\">Isprobajte Vidia Oil ve\u0107 danas i uvjerite se u njegovu u\u010dinkovitost!<\/p>\n","protected":false},"excerpt":{"rendered":"<p>Vidia Oil je specijalno formulirano ulje koje ciljano djeluje na pobolj\u0161anje slu\u0161ne funkcije. Dolazi u teku\u0107oj formi, \u0161to omogu\u0107uje jednostavnu i sigurnu primjenu. Dizajniran je tako da pru\u017ea diskretnu njegu, pogodan je za svakodnevno kori\u0161tenje te dolazi u prakti\u010dnoj ambala\u017ei idealnoj za ku\u0107nu upotrebu. Svaka bo\u010dica Vidia Oil-a pa\u017eljivo je izra\u0111ena kako bi ispunila najvi\u0161e [&hellip;]<\/p>\n","protected":false},"featured_media":119,"template":"","meta":{"iawp_total_views":35},"product_brand":[],"product_cat":[15],"product_tag":[],"class_list":{"0":"post-118","1":"product","2":"type-product","3":"status-publish","4":"has-post-thumbnail","6":"product_cat-zdravlje","8":"entry","9":"has-media","11":"first","12":"instock","13":"sale","14":"shipping-taxable","15":"purchasable","16":"product-type-simple","17":"has-product-nav","18":"col","19":"span_1_of_3","20":"owp-content-center","21":"owp-thumbs-layout-horizontal","22":"owp-btn-normal","23":"owp-tabs-layout-horizontal","24":"has-no-thumbnails"},"yoast_head":"<!-- This site is optimized with the Yoast SEO plugin v27.6 - https:\/\/yoast.com\/product\/yoast-seo-wordpress\/ -->\n<title>Vidia Oil - Online Trgovina<\/title>\n<meta name=\"robots\" content=\"index, follow, max-snippet:-1, max-image-preview:large, max-video-preview:-1\" \/>\n<link rel=\"canonical\" href=\"https:\/\/poliklinika-kantrida-dental.com\/ljekarna\/product\/vidia-oil\/\" \/>\n<meta property=\"og:locale\" content=\"hr_HR\" \/>\n<meta property=\"og:type\" content=\"article\" \/>\n<meta property=\"og:title\" content=\"Vidia Oil - Online Trgovina\" \/>\n<meta property=\"og:description\" content=\"Vidia Oil je specijalno formulirano ulje koje ciljano djeluje na pobolj\u0161anje slu\u0161ne funkcije. Dolazi u teku\u0107oj formi, \u0161to omogu\u0107uje jednostavnu i sigurnu primjenu. Dizajniran je tako da pru\u017ea diskretnu njegu, pogodan je za svakodnevno kori\u0161tenje te dolazi u prakti\u010dnoj ambala\u017ei idealnoj za ku\u0107nu upotrebu. Svaka bo\u010dica Vidia Oil-a pa\u017eljivo je izra\u0111ena kako bi ispunila najvi\u0161e [&hellip;]\" \/>\n<meta property=\"og:url\" content=\"https:\/\/poliklinika-kantrida-dental.com\/ljekarna\/product\/vidia-oil\/\" \/>\n<meta property=\"og:site_name\" content=\"Online Trgovina\" \/>\n<meta property=\"article:modified_time\" content=\"2025-04-24T18:21:50+00:00\" \/>\n<meta property=\"og:image\" content=\"https:\/\/poliklinika-kantrida-dental.com\/ljekarna\/wp-content\/uploads\/2025\/04\/vidia-oil.jpg\" \/>\n\t<meta property=\"og:image:width\" content=\"250\" \/>\n\t<meta property=\"og:image:height\" content=\"300\" \/>\n\t<meta property=\"og:image:type\" content=\"image\/jpeg\" \/>\n<meta name=\"twitter:card\" content=\"summary_large_image\" \/>\n<meta name=\"twitter:label1\" content=\"Procijenjeno vrijeme \u010ditanja\" \/>\n\t<meta name=\"twitter:data1\" content=\"5 minuta\" \/>\n<script type=\"application\/ld+json\" class=\"yoast-schema-graph\">{\"@context\":\"https:\\\/\\\/schema.org\",\"@graph\":[{\"@type\":\"WebPage\",\"@id\":\"https:\\\/\\\/poliklinika-kantrida-dental.com\\\/ljekarna\\\/product\\\/vidia-oil\\\/\",\"url\":\"https:\\\/\\\/poliklinika-kantrida-dental.com\\\/ljekarna\\\/product\\\/vidia-oil\\\/\",\"name\":\"Vidia Oil - Online Trgovina\",\"isPartOf\":{\"@id\":\"https:\\\/\\\/poliklinika-kantrida-dental.com\\\/ljekarna\\\/#website\"},\"primaryImageOfPage\":{\"@id\":\"https:\\\/\\\/poliklinika-kantrida-dental.com\\\/ljekarna\\\/product\\\/vidia-oil\\\/#primaryimage\"},\"image\":{\"@id\":\"https:\\\/\\\/poliklinika-kantrida-dental.com\\\/ljekarna\\\/product\\\/vidia-oil\\\/#primaryimage\"},\"thumbnailUrl\":\"https:\\\/\\\/poliklinika-kantrida-dental.com\\\/ljekarna\\\/wp-content\\\/uploads\\\/2025\\\/04\\\/vidia-oil.jpg\",\"datePublished\":\"2025-04-24T18:13:45+00:00\",\"dateModified\":\"2025-04-24T18:21:50+00:00\",\"breadcrumb\":{\"@id\":\"https:\\\/\\\/poliklinika-kantrida-dental.com\\\/ljekarna\\\/product\\\/vidia-oil\\\/#breadcrumb\"},\"inLanguage\":\"hr\",\"potentialAction\":[{\"@type\":\"ReadAction\",\"target\":[\"https:\\\/\\\/poliklinika-kantrida-dental.com\\\/ljekarna\\\/product\\\/vidia-oil\\\/\"]}]},{\"@type\":\"ImageObject\",\"inLanguage\":\"hr\",\"@id\":\"https:\\\/\\\/poliklinika-kantrida-dental.com\\\/ljekarna\\\/product\\\/vidia-oil\\\/#primaryimage\",\"url\":\"https:\\\/\\\/poliklinika-kantrida-dental.com\\\/ljekarna\\\/wp-content\\\/uploads\\\/2025\\\/04\\\/vidia-oil.jpg\",\"contentUrl\":\"https:\\\/\\\/poliklinika-kantrida-dental.com\\\/ljekarna\\\/wp-content\\\/uploads\\\/2025\\\/04\\\/vidia-oil.jpg\",\"width\":250,\"height\":300,\"caption\":\"vidia oil\"},{\"@type\":\"BreadcrumbList\",\"@id\":\"https:\\\/\\\/poliklinika-kantrida-dental.com\\\/ljekarna\\\/product\\\/vidia-oil\\\/#breadcrumb\",\"itemListElement\":[{\"@type\":\"ListItem\",\"position\":1,\"name\":\"Po\u010detna stranica\",\"item\":\"https:\\\/\\\/poliklinika-kantrida-dental.com\\\/ljekarna\\\/\"},{\"@type\":\"ListItem\",\"position\":2,\"name\":\"Proizvodi\",\"item\":\"https:\\\/\\\/poliklinika-kantrida-dental.com\\\/ljekarna\\\/\"},{\"@type\":\"ListItem\",\"position\":3,\"name\":\"Vidia Oil\"}]},{\"@type\":\"WebSite\",\"@id\":\"https:\\\/\\\/poliklinika-kantrida-dental.com\\\/ljekarna\\\/#website\",\"url\":\"https:\\\/\\\/poliklinika-kantrida-dental.com\\\/ljekarna\\\/\",\"name\":\"Online Trgovina\",\"description\":\"\",\"potentialAction\":[{\"@type\":\"SearchAction\",\"target\":{\"@type\":\"EntryPoint\",\"urlTemplate\":\"https:\\\/\\\/poliklinika-kantrida-dental.com\\\/ljekarna\\\/?s={search_term_string}\"},\"query-input\":{\"@type\":\"PropertyValueSpecification\",\"valueRequired\":true,\"valueName\":\"search_term_string\"}}],\"inLanguage\":\"hr\"}]}<\/script>\n<!-- \/ Yoast SEO plugin. -->","yoast_head_json":{"title":"Vidia Oil - Online Trgovina","robots":{"index":"index","follow":"follow","max-snippet":"max-snippet:-1","max-image-preview":"max-image-preview:large","max-video-preview":"max-video-preview:-1"},"canonical":"https:\/\/poliklinika-kantrida-dental.com\/ljekarna\/product\/vidia-oil\/","og_locale":"hr_HR","og_type":"article","og_title":"Vidia Oil - Online Trgovina","og_description":"Vidia Oil je specijalno formulirano ulje koje ciljano djeluje na pobolj\u0161anje slu\u0161ne funkcije. Dolazi u teku\u0107oj formi, \u0161to omogu\u0107uje jednostavnu i sigurnu primjenu. Dizajniran je tako da pru\u017ea diskretnu njegu, pogodan je za svakodnevno kori\u0161tenje te dolazi u prakti\u010dnoj ambala\u017ei idealnoj za ku\u0107nu upotrebu. Svaka bo\u010dica Vidia Oil-a pa\u017eljivo je izra\u0111ena kako bi ispunila najvi\u0161e [&hellip;]","og_url":"https:\/\/poliklinika-kantrida-dental.com\/ljekarna\/product\/vidia-oil\/","og_site_name":"Online Trgovina","article_modified_time":"2025-04-24T18:21:50+00:00","og_image":[{"width":250,"height":300,"url":"https:\/\/poliklinika-kantrida-dental.com\/ljekarna\/wp-content\/uploads\/2025\/04\/vidia-oil.jpg","type":"image\/jpeg"}],"twitter_card":"summary_large_image","twitter_misc":{"Procijenjeno vrijeme \u010ditanja":"5 minuta"},"schema":{"@context":"https:\/\/schema.org","@graph":[{"@type":"WebPage","@id":"https:\/\/poliklinika-kantrida-dental.com\/ljekarna\/product\/vidia-oil\/","url":"https:\/\/poliklinika-kantrida-dental.com\/ljekarna\/product\/vidia-oil\/","name":"Vidia Oil - Online Trgovina","isPartOf":{"@id":"https:\/\/poliklinika-kantrida-dental.com\/ljekarna\/#website"},"primaryImageOfPage":{"@id":"https:\/\/poliklinika-kantrida-dental.com\/ljekarna\/product\/vidia-oil\/#primaryimage"},"image":{"@id":"https:\/\/poliklinika-kantrida-dental.com\/ljekarna\/product\/vidia-oil\/#primaryimage"},"thumbnailUrl":"https:\/\/poliklinika-kantrida-dental.com\/ljekarna\/wp-content\/uploads\/2025\/04\/vidia-oil.jpg","datePublished":"2025-04-24T18:13:45+00:00","dateModified":"2025-04-24T18:21:50+00:00","breadcrumb":{"@id":"https:\/\/poliklinika-kantrida-dental.com\/ljekarna\/product\/vidia-oil\/#breadcrumb"},"inLanguage":"hr","potentialAction":[{"@type":"ReadAction","target":["https:\/\/poliklinika-kantrida-dental.com\/ljekarna\/product\/vidia-oil\/"]}]},{"@type":"ImageObject","inLanguage":"hr","@id":"https:\/\/poliklinika-kantrida-dental.com\/ljekarna\/product\/vidia-oil\/#primaryimage","url":"https:\/\/poliklinika-kantrida-dental.com\/ljekarna\/wp-content\/uploads\/2025\/04\/vidia-oil.jpg","contentUrl":"https:\/\/poliklinika-kantrida-dental.com\/ljekarna\/wp-content\/uploads\/2025\/04\/vidia-oil.jpg","width":250,"height":300,"caption":"vidia oil"},{"@type":"BreadcrumbList","@id":"https:\/\/poliklinika-kantrida-dental.com\/ljekarna\/product\/vidia-oil\/#breadcrumb","itemListElement":[{"@type":"ListItem","position":1,"name":"Po\u010detna stranica","item":"https:\/\/poliklinika-kantrida-dental.com\/ljekarna\/"},{"@type":"ListItem","position":2,"name":"Proizvodi","item":"https:\/\/poliklinika-kantrida-dental.com\/ljekarna\/"},{"@type":"ListItem","position":3,"name":"Vidia Oil"}]},{"@type":"WebSite","@id":"https:\/\/poliklinika-kantrida-dental.com\/ljekarna\/#website","url":"https:\/\/poliklinika-kantrida-dental.com\/ljekarna\/","name":"Online Trgovina","description":"","potentialAction":[{"@type":"SearchAction","target":{"@type":"EntryPoint","urlTemplate":"https:\/\/poliklinika-kantrida-dental.com\/ljekarna\/?s={search_term_string}"},"query-input":{"@type":"PropertyValueSpecification","valueRequired":true,"valueName":"search_term_string"}}],"inLanguage":"hr"}]}},"_links":{"self":[{"href":"https:\/\/poliklinika-kantrida-dental.com\/ljekarna\/wp-json\/wp\/v2\/product\/118","targetHints":{"allow":["GET"]}}],"collection":[{"href":"https:\/\/poliklinika-kantrida-dental.com\/ljekarna\/wp-json\/wp\/v2\/product"}],"about":[{"href":"https:\/\/poliklinika-kantrida-dental.com\/ljekarna\/wp-json\/wp\/v2\/types\/product"}],"wp:featuredmedia":[{"embeddable":true,"href":"https:\/\/poliklinika-kantrida-dental.com\/ljekarna\/wp-json\/wp\/v2\/media\/119"}],"wp:attachment":[{"href":"https:\/\/poliklinika-kantrida-dental.com\/ljekarna\/wp-json\/wp\/v2\/media?parent=118"}],"wp:term":[{"taxonomy":"product_brand","embeddable":true,"href":"https:\/\/poliklinika-kantrida-dental.com\/ljekarna\/wp-json\/wp\/v2\/product_brand?post=118"},{"taxonomy":"product_cat","embeddable":true,"href":"https:\/\/poliklinika-kantrida-dental.com\/ljekarna\/wp-json\/wp\/v2\/product_cat?post=118"},{"taxonomy":"product_tag","embeddable":true,"href":"https:\/\/poliklinika-kantrida-dental.com\/ljekarna\/wp-json\/wp\/v2\/product_tag?post=118"}],"curies":[{"name":"wp","href":"https:\/\/api.w.org\/{rel}","templated":true}]}}