{"id":194,"date":"2025-05-28T13:35:56","date_gmt":"2025-05-28T13:35:56","guid":{"rendered":"https:\/\/poliklinika-kantrida-dental.com\/ljekarna\/?page_id=194"},"modified":"2025-11-20T15:50:06","modified_gmt":"2025-11-20T15:50:06","slug":"disclaimer","status":"publish","type":"page","link":"https:\/\/poliklinika-kantrida-dental.com\/ljekarna\/disclaimer\/","title":{"rendered":"Disclaimer"},"content":{"rendered":"\n<h3 class=\"wp-block-heading\"><strong>1. STATUS STRANICE<\/strong><\/h3>\n\n\n\n<p>Ova web stranica&nbsp;<strong>nije slu\u017ebena stranica Poliklinike Kantrida Dental<\/strong>&nbsp;niti je s njom povezana. Stranica&nbsp;<a href=\"https:\/\/poliklinika-kantrida-dental.com\/ljekarna\/\" target=\"_blank\" rel=\"noreferrer noopener\">https:\/\/poliklinika-kantrida-dental.com\/ljekarna\/<\/a>&nbsp;slu\u017ei isklju\u010divo u&nbsp;<strong>informativne svrhe<\/strong>&nbsp;i ne pru\u017ea usluge prodaje lijekova ili stomatolo\u0161kih usluga.<\/p>\n\n\n\n<h3 class=\"wp-block-heading\"><strong>2. PRIRODA SADR\u017dAJA<\/strong><\/h3>\n\n\n\n<ul class=\"wp-block-list\">\n<li>Svi prezentirani proizvodi su&nbsp;<strong>dodaci prehrane, oralno-higijenski proizvodi ili medicinski potrep\u0161tini<\/strong><\/li>\n\n\n\n<li><strong>Nijedan proizvod nije lijek<\/strong>&nbsp;i ne mo\u017ee zamijeniti stru\u010dno lije\u010dni\u010dko mi\u0161ljenje<\/li>\n\n\n\n<li>Cijene, dostupnost i tehni\u010dki podaci mogu se mijenjati bez obavijesti<\/li>\n<\/ul>\n\n\n\n<h3 class=\"wp-block-heading\"><strong>3. OBRADA NARUD\u017dBI<\/strong><\/h3>\n\n\n\n<ul class=\"wp-block-list\">\n<li>Narud\u017ebe se&nbsp;obavljaju automatskih affiliate linkova<\/li>\n\n\n\n<li><strong>Ne upravljamo procesom isporuke, naplatom ili reklamacijama<\/strong>&nbsp;&#8211; to je isklju\u010diva nadle\u017enost na\u0161ih partnera<\/li>\n\n\n\n<li>Za sve informacije o narud\u017ebama kontaktirajte nas putem dostupnih kontaktnih podataka<\/li>\n<\/ul>\n\n\n\n<h3 class=\"wp-block-heading\"><strong>4. ODRI\u010cANJE OD ODGOVORNOSTI<\/strong><\/h3>\n\n\n\n<ul class=\"wp-block-list\">\n<li><strong>Ne snosimo odgovornost<\/strong>&nbsp;za:\n<ul class=\"wp-block-list\">\n<li>To\u010dnost opisa proizvoda kod partnera<\/li>\n\n\n\n<li>Dostupnost proizvoda i tehni\u010dke gre\u0161ke u sustavima tre\u0107ih strana<\/li>\n\n\n\n<li>Bilokakve zdravstvene posljedice kori\u0161tenja proizvoda<\/li>\n<\/ul>\n<\/li>\n\n\n\n<li><strong>Uvijek konzultirajte stomatologa ili lije\u010dnika<\/strong>&nbsp;prije upotrebe bilo kojeg proizvoda<\/li>\n<\/ul>\n\n\n\n<h3 class=\"wp-block-heading\"><strong>5. AUTORSKA PRAVA I \u017dIGOVI<\/strong><\/h3>\n\n\n\n<ul class=\"wp-block-list\">\n<li>Svi brandovi, logotipi i nazivi proizvoda vlasni\u0161tvo su njihovih vlasnika<\/li>\n\n\n\n<li>Kori\u0161tenje naziva &#8220;Poliklinika Kantrida Dental&#8221; vr\u0161i se u deskriptivne svrhe bez ikakvih pretenzija na slu\u017ebenu povezanost<\/li>\n<\/ul>\n\n\n\n<h3 class=\"wp-block-heading\"><strong>6. KONTAKT<\/strong><\/h3>\n\n\n\n<p>Za sve dodatne informacije:<br><strong>E-mail:<\/strong>\u00a0trgovinahr@gmail.com<\/p>\n","protected":false},"excerpt":{"rendered":"<p>1. STATUS STRANICE Ova web stranica&nbsp;nije slu\u017ebena stranica Poliklinike Kantrida Dental&nbsp;niti je s njom povezana. Stranica&nbsp;https:\/\/poliklinika-kantrida-dental.com\/ljekarna\/&nbsp;slu\u017ei isklju\u010divo u&nbsp;informativne svrhe&nbsp;i ne pru\u017ea usluge prodaje lijekova ili stomatolo\u0161kih usluga. 2. PRIRODA SADR\u017dAJA 3. OBRADA NARUD\u017dBI 4. ODRI\u010cANJE OD ODGOVORNOSTI 5. AUTORSKA PRAVA I \u017dIGOVI 6. KONTAKT Za sve dodatne informacije:E-mail:\u00a0trgovinahr@gmail.com<\/p>\n","protected":false},"author":1,"featured_media":0,"parent":0,"menu_order":0,"comment_status":"closed","ping_status":"closed","template":"","meta":{"iawp_total_views":58,"footnotes":""},"class_list":["post-194","page","type-page","status-publish","hentry","entry","owp-thumbs-layout-horizontal","owp-btn-normal","owp-tabs-layout-horizontal","has-no-thumbnails","has-product-nav"],"yoast_head":"<!-- This site is optimized with the Yoast SEO plugin v27.6 - https:\/\/yoast.com\/product\/yoast-seo-wordpress\/ -->\n<title>Disclaimer - Online Trgovina<\/title>\n<meta name=\"robots\" content=\"index, follow, max-snippet:-1, max-image-preview:large, max-video-preview:-1\" \/>\n<link rel=\"canonical\" href=\"https:\/\/poliklinika-kantrida-dental.com\/ljekarna\/disclaimer\/\" \/>\n<meta property=\"og:locale\" content=\"hr_HR\" \/>\n<meta property=\"og:type\" content=\"article\" \/>\n<meta property=\"og:title\" content=\"Disclaimer - Online Trgovina\" \/>\n<meta property=\"og:description\" content=\"1. STATUS STRANICE Ova web stranica&nbsp;nije slu\u017ebena stranica Poliklinike Kantrida Dental&nbsp;niti je s njom povezana. Stranica&nbsp;https:\/\/poliklinika-kantrida-dental.com\/ljekarna\/&nbsp;slu\u017ei isklju\u010divo u&nbsp;informativne svrhe&nbsp;i ne pru\u017ea usluge prodaje lijekova ili stomatolo\u0161kih usluga. 2. PRIRODA SADR\u017dAJA 3. OBRADA NARUD\u017dBI 4. ODRI\u010cANJE OD ODGOVORNOSTI 5. AUTORSKA PRAVA I \u017dIGOVI 6. KONTAKT Za sve dodatne informacije:E-mail:\u00a0trgovinahr@gmail.com\" \/>\n<meta property=\"og:url\" content=\"https:\/\/poliklinika-kantrida-dental.com\/ljekarna\/disclaimer\/\" \/>\n<meta property=\"og:site_name\" content=\"Online Trgovina\" \/>\n<meta property=\"article:modified_time\" content=\"2025-11-20T15:50:06+00:00\" \/>\n<meta name=\"twitter:card\" content=\"summary_large_image\" \/>\n<meta name=\"twitter:label1\" content=\"Procijenjeno vrijeme \u010ditanja\" \/>\n\t<meta name=\"twitter:data1\" content=\"1 minuta\" \/>\n<script type=\"application\/ld+json\" class=\"yoast-schema-graph\">{\"@context\":\"https:\\\/\\\/schema.org\",\"@graph\":[{\"@type\":\"WebPage\",\"@id\":\"https:\\\/\\\/poliklinika-kantrida-dental.com\\\/ljekarna\\\/disclaimer\\\/\",\"url\":\"https:\\\/\\\/poliklinika-kantrida-dental.com\\\/ljekarna\\\/disclaimer\\\/\",\"name\":\"Disclaimer - Online Trgovina\",\"isPartOf\":{\"@id\":\"https:\\\/\\\/poliklinika-kantrida-dental.com\\\/ljekarna\\\/#website\"},\"datePublished\":\"2025-05-28T13:35:56+00:00\",\"dateModified\":\"2025-11-20T15:50:06+00:00\",\"breadcrumb\":{\"@id\":\"https:\\\/\\\/poliklinika-kantrida-dental.com\\\/ljekarna\\\/disclaimer\\\/#breadcrumb\"},\"inLanguage\":\"hr\",\"potentialAction\":[{\"@type\":\"ReadAction\",\"target\":[\"https:\\\/\\\/poliklinika-kantrida-dental.com\\\/ljekarna\\\/disclaimer\\\/\"]}]},{\"@type\":\"BreadcrumbList\",\"@id\":\"https:\\\/\\\/poliklinika-kantrida-dental.com\\\/ljekarna\\\/disclaimer\\\/#breadcrumb\",\"itemListElement\":[{\"@type\":\"ListItem\",\"position\":1,\"name\":\"Po\u010detna stranica\",\"item\":\"https:\\\/\\\/poliklinika-kantrida-dental.com\\\/ljekarna\\\/\"},{\"@type\":\"ListItem\",\"position\":2,\"name\":\"Disclaimer\"}]},{\"@type\":\"WebSite\",\"@id\":\"https:\\\/\\\/poliklinika-kantrida-dental.com\\\/ljekarna\\\/#website\",\"url\":\"https:\\\/\\\/poliklinika-kantrida-dental.com\\\/ljekarna\\\/\",\"name\":\"Online Trgovina\",\"description\":\"\",\"potentialAction\":[{\"@type\":\"SearchAction\",\"target\":{\"@type\":\"EntryPoint\",\"urlTemplate\":\"https:\\\/\\\/poliklinika-kantrida-dental.com\\\/ljekarna\\\/?s={search_term_string}\"},\"query-input\":{\"@type\":\"PropertyValueSpecification\",\"valueRequired\":true,\"valueName\":\"search_term_string\"}}],\"inLanguage\":\"hr\"}]}<\/script>\n<!-- \/ Yoast SEO plugin. -->","yoast_head_json":{"title":"Disclaimer - Online Trgovina","robots":{"index":"index","follow":"follow","max-snippet":"max-snippet:-1","max-image-preview":"max-image-preview:large","max-video-preview":"max-video-preview:-1"},"canonical":"https:\/\/poliklinika-kantrida-dental.com\/ljekarna\/disclaimer\/","og_locale":"hr_HR","og_type":"article","og_title":"Disclaimer - Online Trgovina","og_description":"1. STATUS STRANICE Ova web stranica&nbsp;nije slu\u017ebena stranica Poliklinike Kantrida Dental&nbsp;niti je s njom povezana. Stranica&nbsp;https:\/\/poliklinika-kantrida-dental.com\/ljekarna\/&nbsp;slu\u017ei isklju\u010divo u&nbsp;informativne svrhe&nbsp;i ne pru\u017ea usluge prodaje lijekova ili stomatolo\u0161kih usluga. 2. PRIRODA SADR\u017dAJA 3. OBRADA NARUD\u017dBI 4. ODRI\u010cANJE OD ODGOVORNOSTI 5. AUTORSKA PRAVA I \u017dIGOVI 6. KONTAKT Za sve dodatne informacije:E-mail:\u00a0trgovinahr@gmail.com","og_url":"https:\/\/poliklinika-kantrida-dental.com\/ljekarna\/disclaimer\/","og_site_name":"Online Trgovina","article_modified_time":"2025-11-20T15:50:06+00:00","twitter_card":"summary_large_image","twitter_misc":{"Procijenjeno vrijeme \u010ditanja":"1 minuta"},"schema":{"@context":"https:\/\/schema.org","@graph":[{"@type":"WebPage","@id":"https:\/\/poliklinika-kantrida-dental.com\/ljekarna\/disclaimer\/","url":"https:\/\/poliklinika-kantrida-dental.com\/ljekarna\/disclaimer\/","name":"Disclaimer - Online Trgovina","isPartOf":{"@id":"https:\/\/poliklinika-kantrida-dental.com\/ljekarna\/#website"},"datePublished":"2025-05-28T13:35:56+00:00","dateModified":"2025-11-20T15:50:06+00:00","breadcrumb":{"@id":"https:\/\/poliklinika-kantrida-dental.com\/ljekarna\/disclaimer\/#breadcrumb"},"inLanguage":"hr","potentialAction":[{"@type":"ReadAction","target":["https:\/\/poliklinika-kantrida-dental.com\/ljekarna\/disclaimer\/"]}]},{"@type":"BreadcrumbList","@id":"https:\/\/poliklinika-kantrida-dental.com\/ljekarna\/disclaimer\/#breadcrumb","itemListElement":[{"@type":"ListItem","position":1,"name":"Po\u010detna stranica","item":"https:\/\/poliklinika-kantrida-dental.com\/ljekarna\/"},{"@type":"ListItem","position":2,"name":"Disclaimer"}]},{"@type":"WebSite","@id":"https:\/\/poliklinika-kantrida-dental.com\/ljekarna\/#website","url":"https:\/\/poliklinika-kantrida-dental.com\/ljekarna\/","name":"Online Trgovina","description":"","potentialAction":[{"@type":"SearchAction","target":{"@type":"EntryPoint","urlTemplate":"https:\/\/poliklinika-kantrida-dental.com\/ljekarna\/?s={search_term_string}"},"query-input":{"@type":"PropertyValueSpecification","valueRequired":true,"valueName":"search_term_string"}}],"inLanguage":"hr"}]}},"_links":{"self":[{"href":"https:\/\/poliklinika-kantrida-dental.com\/ljekarna\/wp-json\/wp\/v2\/pages\/194","targetHints":{"allow":["GET"]}}],"collection":[{"href":"https:\/\/poliklinika-kantrida-dental.com\/ljekarna\/wp-json\/wp\/v2\/pages"}],"about":[{"href":"https:\/\/poliklinika-kantrida-dental.com\/ljekarna\/wp-json\/wp\/v2\/types\/page"}],"author":[{"embeddable":true,"href":"https:\/\/poliklinika-kantrida-dental.com\/ljekarna\/wp-json\/wp\/v2\/users\/1"}],"replies":[{"embeddable":true,"href":"https:\/\/poliklinika-kantrida-dental.com\/ljekarna\/wp-json\/wp\/v2\/comments?post=194"}],"version-history":[{"count":3,"href":"https:\/\/poliklinika-kantrida-dental.com\/ljekarna\/wp-json\/wp\/v2\/pages\/194\/revisions"}],"predecessor-version":[{"id":874,"href":"https:\/\/poliklinika-kantrida-dental.com\/ljekarna\/wp-json\/wp\/v2\/pages\/194\/revisions\/874"}],"wp:attachment":[{"href":"https:\/\/poliklinika-kantrida-dental.com\/ljekarna\/wp-json\/wp\/v2\/media?parent=194"}],"curies":[{"name":"wp","href":"https:\/\/api.w.org\/{rel}","templated":true}]}}